 k(a) = -a. Let t(p) = -11*p**2 + 1. Let x(l) = i*k(l) - t(l). What is the units digit of x(-3)?
9
Suppose -141*u + 144*u = 3*a + 16101, -4*u - 4*a = -21532. What is the units digit of u?
5
Suppose 0 = 41*y - 39*y + 4. Let v be (y + 1*(-1 + 3))/1. Suppose -j + 113 + 4 = v. What is the units digit of j?
7
Let l = -24754 + 54292. What is the hundreds digit of l?
5
What is the thousands digit of 906874/217 + (-4)/28?
4
Suppose -b - 12 = -3*b. Suppose -103 - 125 = -b*k. Let j = k + -36. What is the units digit of j?
2
Suppose -85*h = -79*h - 102. Suppose -3*z = -p - 234 + h, 0 = 2*p - 4. What is the tens digit of z?
7
Suppose 58*p = -18*p + 644023 + 2267461. What is the hundreds digit of p?
3
Let y(r) = -96*r**3 + r**2 + 7*r - 15. What is the tens digit of y(-4)?
1
Let r(i) = -189*i - 4079. What is the thousands digit of r(-88)?
2
Suppose 0 = 4*m - 98 - 10. Let j be (19/5 - 16/20)/(-1). What is the hundreds digit of (-472)/24*m/j?
1
Suppose -17*o + 31*o - 4480 = 0. Suppose o = 3*x - 553. What is the units digit of x?
1
Suppose 2*n + 3*u = -3180 + 442, 4*n - 5*u + 5454 = 0. Let s = n - -2991. What is the tens digit of s?
2
Let n = -470 + 313. Let a = -62 - n. What is the units digit of a?
5
What is the hundreds digit of (-27)/15 - 8058755/(-475)?
9
Let t = -8256 + 17222. What is the thousands digit of t?
8
Suppose -5*k = 5*i - 3*i - 128, 0 = 4*i + 4. What is the hundreds digit of ((-1)/(-3))/(k/15366)?
1
Suppose -3*l + 2*a + 1865 = 0, -9*a = -l - 8*a + 621. Suppose 2*b = 3*w + 368 + 261, -3*w + l = 2*b. What is the tens digit of b?
1
Let p(x) = 2*x - 14*x**2 - 13*x**2 + 18 + 29*x**2. Let t be p(-7). What is the units digit of (1/(-3))/(-3 + 305/t)?
4
Suppose -6*x = -5*x - 5. Suppose -n - 2079 = -x*v, -2*v = 2*n - 767 - 55. Suppose v = 8*j - 3*j. What is the tens digit of j?
8
Let g(b) be the third derivative of -b**6/60 + b**5/30 - 35*b**4/24 + 27*b**2 - 2. What is the hundreds digit of g(-5)?
4
Suppose 1021049 = 116*w - 97539. What is the tens digit of w?
4
Let t = 13651 + 14783. What is the tens digit of t?
3
Suppose -g + 66414 = -4*b + 14267, 104287 = 2*g - b. What is the ten thousands digit of g?
5
Suppose -u - 110 + 79 = -2233. What is the hundreds digit of u?
2
Let k(h) be the first derivative of -h**4/2 + 22*h**3/3 + 21*h**2/2 + 14*h + 55. What is the hundreds digit of k(10)?
4
Let o(s) = -98*s + 3. Let l be o(12). Let a = -397 - l. What is the units digit of a?
6
Let h = -3101 - -5636. Suppose -27*t + h + 3648 = 0. What is the units digit of t?
9
Let x(o) = 20*o - 23. Let i be x(4). Suppose -3*u = -i + 21. Let k(g) = g**3 - 9*g**2 - 25*g + 13. What is the hundreds digit of k(u)?
1
Let t(i) = 5*i**3 - 3 - i**3 + 9*i**2 - i**3 + 7*i - 2*i**3. Let s be t(-5). Suppose -s = 6*n - 572. What is the units digit of n?
5
Let b(s) = -2*s + 13. Let g(u) = u - 6. Let h(a) = -2*b(a) - 5*g(a). Let w be h(-11). What is the tens digit of 10/(w/20 + (-50)/72)?
8
Let u = -415 - -773. Suppose 0 = -z - 17 - 202. Let b = u + z. What is the tens digit of b?
3
Let r(a) = a**3 + 33*a**2 + 92*a + 63. Let n be r(-30). Suppose -2*w - 5*v = -182, w - n*v = -7*v + 88. What is the units digit of w?
6
Let d = -85 + 139. Suppose -d = 4*x + 2*x. Let n = 10 + x. What is the units digit of n?
1
What is the hundreds digit of (-8)/(-18) - 3583070/(-2655)?
3
Let j(m) = 480*m**3 + 8*m**2 + 15*m - 1. What is the hundreds digit of j(2)?
9
Let y(j) = -4*j + 33. Let d be y(7). What is the hundreds digit of 0 + 4 - (1474/(-2) + d)?
7
Let c = -101 - -107. Let n be 82/c*(-1 + 0 - -4). Suppose 0 = -2*p + 3*b + n, -17 - 8 = 5*b. What is the units digit of p?
3
Suppose -5*v - f = -6*f - 16410, -3*f + 9840 = 3*v. What is the units digit of v?
1
Let p(i) = -9*i - 241. Suppose l + 47 = a, 8*l - 3*l = 3*a - 231. What is the tens digit of p(l)?
6
What is the thousands digit of 12738900/425 + 3/51*2?
9
Let o = 281 - 280. Let q(w) = w**3 - 3*w**2 + 2*w - 2. Let u be q(2). What is the tens digit of 19/o + 1 + u?
1
Let j = 3173 - 95. What is the hundreds digit of j?
0
Let c(q) = -q**3 - 33*q**2 - q - 9. Let m be c(-33). Suppose 0 = m*u + 2051 - 5555. What is the tens digit of u?
4
Suppose -3*h = q + 190, -6*h + h + 4*q - 311 = 0. Let j be (41 - -2)*(-2 - -1). Let u = j - h. What is the tens digit of u?
2
Suppose -i - 5*o = 1302, -15 = 15*o - 18*o. Let x = 2307 + i. What is the units digit of x?
0
Let z = 176 - 163. Suppose -1117 = -5*p - 3*k, -z*p = -9*p + k - 895. What is the units digit of p?
4
Let f(x) = -x**3 + 6*x**2 - 8*x - 3. Let k be f(3). Suppose 0*z = -4*z - 2*g + 1468, -5*z - 5*g + 1840 = k. What is the hundreds digit of z?
3
Let r be 17/(-68) - 12186/(-8). Let f = -1077 + r. What is the units digit of f?
6
Let p be 1/4*2*(10 + -8). What is the units digit of (p - -9)*(61 - (-6)/(-1))?
0
Let m = -594 + 1046. Suppose 4*k = 6*k - m. What is the tens digit of k?
2
Let h(w) = -42*w - 36. Suppose 0 = -3*c + 5*t - 35, 4*c + 5*t = 4*t - 39. What is the hundreds digit of h(c)?
3
Let c(j) = 7*j**2 + j + 17. Let m be c(4). Let k = 391 - m. What is the units digit of k?
8
What is the units digit of 232/(((2/(-84))/(-1))/((-36)/(-54)))?
6
Let u(a) = 5*a**3 + 2*a**2 + 10*a - 14. Let c be u(7). Suppose -7*r = 5*q - 2*r - 2305, 4*q - c = r. What is the tens digit of q?
6
Let t(f) = -11*f**3 - 14*f**2 - 65*f - 529. What is the units digit of t(-10)?
1
Let c(q) = 2*q. Let h be c(0). Suppose h = -8*a - 10 + 26. Let v(s) = 13*s**3 - s**2 - 3*s + 2. What is the tens digit of v(a)?
9
Let u(h) = -20*h**2 + 8*h + 8. Let m be u(-1). Let o = 345 + m. What is the tens digit of o?
2
Let g(k) be the third derivative of k**6/120 + k**5/60 - 2*k**4/3 - k**3/6 + k**2 - 68. What is the hundreds digit of g(6)?
1
Suppose 190 = -15*z + 20*z. Suppose 0 = z*y - 33*y - 470. Suppose 4*w = -5*i + 1193, -i - y = -4*w + 1069. What is the hundreds digit of w?
2
Let g = 453 - -2171. Suppose -16*w = -32*w + g. What is the hundreds digit of w?
1
Let f = 1025 - -6024. What is the hundreds digit of f?
0
Suppose -j + 5*m + 1219 = 0, 4*j - 2232 - 2686 = -m. What is the units digit of j?
9
Suppose 925*o = 920*o + 58745. Suppose o = 11*q - 2023. What is the tens digit of q?
5
Let j = -476 - -8089. What is the units digit of j?
3
Suppose 0*l + 28 = 2*l. Suppose 10*g = l*g - 516. Suppose 8*h = 9*h - g. What is the hundreds digit of h?
1
Let x(g) = 52*g**2 + 147*g + 4760. What is the units digit of x(-27)?
9
Suppose -172282 = -23*k + 18*k - 4*f, 5*f = 2*k - 68926. What is the hundreds digit of k?
4
Suppose 7339*z = 7295*z + 1827496. What is the ten thousands digit of z?
4
Let s(v) = -1185*v - 46. Let l be s(-6). Suppose -l = -12*f - 284. What is the hundreds digit of f?
5
Let f(p) = -6*p + 72. Suppose -3*s + 49 = -10*s. Let c(d) = 11*d - 143. Let v(q) = s*f(q) - 3*c(q). What is the tens digit of v(25)?
5
Suppose 3*l - 9 = -3*g - g, l = 4*g + 3. What is the units digit of 13 + -14 - (g + 1 + -264)?
2
Suppose -11 = 3*g - 5*q, -45 = 5*g - 4*q + q. Let x be (30/(-2))/((-2)/g). Let v = 168 + x. What is the units digit of v?
8
Let q(i) = 4*i**2 - 4*i**2 + 30*i**3 - 3 - 2*i + i**2 - 7 + 12. What is the units digit of q(1)?
1
Let p = -215 - -187. Let s(i) = 7*i - 2. Let y be s(5). Let r = y - p. What is the units digit of r?
1
Let c(a) = a**2 - 8*a - 19. Let v(x) = -2 + 4*x + 1 + 3*x**3 + 6*x**2 - 6*x**3 + x**3. Let l be v(3). What is the tens digit of c(l)?
1
Let c(i) = 290*i**2 - 27*i - 1. What is the hundreds digit of c(4)?
5
Let b = 224 + -233. What is the hundreds digit of 12/(-54) + ((-9686)/b - -1)?
0
Let s(n) be the third derivative of n**7/168 - n**6/144 + n**5/20 - n**2. Let y(z) be the third derivative of s(z). What is the units digit of y(2)?
5
Let r(n) be the third derivative of n**7/630 + n**5/6 + 19*n**4/12 + 21*n**2. Let v(w) be the second derivative of r(w). What is the tens digit of v(-4)?
8
Let x = 69031 + -32910. What is the hundreds digit of x?
1
Let q be 22 + -24 - ((-2 - -3) + 217). Let l = q - -358. What is the hundreds digit of l?
1
Let a = 2461 - 2448. Let g be 124/3 - 2/(-3). Suppose 14*t - g = a*t. What is the units digit of t?
2
Let l(x) = -x**3 + 13*x**2 + 10*x + 67. Suppose -11*f + 287 - 144 = 0. What is the hundreds digit of l(f)?
1
Let a(q) = q**3 + 35*q**2 - 5*q - 435. What is the units digit of a(-28)?
3
Let t